{"id":3072,"date":"2024-02-07T21:10:10","date_gmt":"2024-02-07T21:10:10","guid":{"rendered":"https:\/\/startersites.io\/elementor\/garderobe\/?page_id=3072"},"modified":"2026-02-05T20:06:25","modified_gmt":"2026-02-05T20:06:25","slug":"home","status":"publish","type":"page","link":"https:\/\/vesibella.com\/?page_id=3072","title":{"rendered":"ANA SAYFA"},"content":{"rendered":"\t\t<div data-elementor-type=\"wp-page\" data-elementor-id=\"3072\" class=\"elementor elementor-3072\" data-elementor-post-type=\"page\">\n\t\t\t\t<div class=\"elementor-element elementor-element-2ccca22 e-con-full e-flex e-con e-parent\" data-id=\"2ccca22\" data-element_type=\"container\" data-e-type=\"container\" data-settings=\"{&quot;background_background&quot;:&quot;slideshow&quot;,&quot;background_slideshow_gallery&quot;:[{&quot;id&quot;:3437,&quot;url&quot;:&quot;http:\\\/\\\/vesibella.com\\\/wp-content\\\/uploads\\\/2026\\\/02\\\/1021SIYAH.png&quot;},{&quot;id&quot;:3431,&quot;url&quot;:&quot;http:\\\/\\\/vesibella.com\\\/wp-content\\\/uploads\\\/2026\\\/02\\\/41EA0040-F4B0-4C11-90F5-A90BFD916761.png&quot;},{&quot;id&quot;:3433,&quot;url&quot;:&quot;http:\\\/\\\/vesibella.com\\\/wp-content\\\/uploads\\\/2026\\\/02\\\/6302832F-A158-4884-A96C-441A99DB47A8.png&quot;},{&quot;id&quot;:3432,&quot;url&quot;:&quot;http:\\\/\\\/vesibella.com\\\/wp-content\\\/uploads\\\/2026\\\/02\\\/1021PEMBE.png&quot;},{&quot;id&quot;:3426,&quot;url&quot;:&quot;http:\\\/\\\/vesibella.com\\\/wp-content\\\/uploads\\\/2026\\\/02\\\/PEMBE.jpeg&quot;},{&quot;id&quot;:3427,&quot;url&quot;:&quot;http:\\\/\\\/vesibella.com\\\/wp-content\\\/uploads\\\/2026\\\/02\\\/PEMBE2.jpeg&quot;},{&quot;id&quot;:3436,&quot;url&quot;:&quot;http:\\\/\\\/vesibella.com\\\/wp-content\\\/uploads\\\/2026\\\/02\\\/1021SARI.png&quot;},{&quot;id&quot;:3428,&quot;url&quot;:&quot;http:\\\/\\\/vesibella.com\\\/wp-content\\\/uploads\\\/2026\\\/02\\\/SARI-KADIN.png&quot;},{&quot;id&quot;:3439,&quot;url&quot;:&quot;http:\\\/\\\/vesibella.com\\\/wp-content\\\/uploads\\\/2026\\\/02\\\/FD3A640D-0030-410B-939A-4A2AAD87572F-1.jpg&quot;},{&quot;id&quot;:3429,&quot;url&quot;:&quot;http:\\\/\\\/vesibella.com\\\/wp-content\\\/uploads\\\/2026\\\/02\\\/haki.jpeg&quot;},{&quot;id&quot;:65,&quot;url&quot;:&quot;http:\\\/\\\/vesibella.com\\\/wp-content\\\/uploads\\\/2026\\\/01\\\/haki.jpeg&quot;},{&quot;id&quot;:3425,&quot;url&quot;:&quot;http:\\\/\\\/vesibella.com\\\/wp-content\\\/uploads\\\/2026\\\/02\\\/4A0822200010SYH_9.jpg&quot;},{&quot;id&quot;:3434,&quot;url&quot;:&quot;http:\\\/\\\/vesibella.com\\\/wp-content\\\/uploads\\\/2026\\\/02\\\/1021bej3.png&quot;},{&quot;id&quot;:3435,&quot;url&quot;:&quot;http:\\\/\\\/vesibella.com\\\/wp-content\\\/uploads\\\/2026\\\/02\\\/1021kahve3.png&quot;},{&quot;id&quot;:3438,&quot;url&quot;:&quot;http:\\\/\\\/vesibella.com\\\/wp-content\\\/uploads\\\/2026\\\/02\\\/1021siyah2.png&quot;},{&quot;id&quot;:3440,&quot;url&quot;:&quot;http:\\\/\\\/vesibella.com\\\/wp-content\\\/uploads\\\/2026\\\/02\\\/VYS1014HAKII.jpg&quot;},{&quot;id&quot;:3441,&quot;url&quot;:&quot;http:\\\/\\\/vesibella.com\\\/wp-content\\\/uploads\\\/2026\\\/02\\\/VYS1014LACIVERT.jpg&quot;},{&quot;id&quot;:3442,&quot;url&quot;:&quot;http:\\\/\\\/vesibella.com\\\/wp-content\\\/uploads\\\/2026\\\/02\\\/VYS1014-1.png&quot;}],&quot;background_slideshow_loop&quot;:&quot;yes&quot;,&quot;background_slideshow_slide_duration&quot;:5000,&quot;background_slideshow_slide_transition&quot;:&quot;fade&quot;,&quot;background_slideshow_transition_duration&quot;:500}\">\n\t\t<div class=\"elementor-element elementor-element-6f4c99a e-flex e-con-boxed e-con e-child\" data-id=\"6f4c99a\" data-element_type=\"container\" data-e-type=\"container\">\n\t\t\t\t\t<div class=\"e-con-inner\">\n\t\t<div class=\"elementor-element elementor-element-73fa222 e-con-full e-flex e-con e-child\" data-id=\"73fa222\" data-element_type=\"container\" data-e-type=\"container\">\n\t\t\t\t<div class=\"elementor-element elementor-element-4e7b206 elementor-widget elementor-widget-heading\" data-id=\"4e7b206\" data-element_type=\"widget\" data-e-type=\"widget\" data-widget_type=\"heading.default\">\n\t\t\t\t\t<h2 class=\"elementor-heading-title elementor-size-default\">VES\u0130BELLA<\/h2>\t\t\t\t<\/div>\n\t\t\t\t<div class=\"elementor-element elementor-element-f078b75 elementor-widget elementor-widget-text-editor\" data-id=\"f078b75\" data-element_type=\"widget\" data-e-type=\"widget\" data-widget_type=\"text-editor.default\">\n\t\t\t\t\t\t\t\t\t<p>2015\u2019ten beri el i\u015f\u00e7ili\u011fiyle \u00fcretilen, zamana meydan okuyan %100 ger\u00e7ek deri \u00fcr\u00fcnler. Ger\u00e7ek stilin adresi.<\/p>\t\t\t\t\t\t\t\t<\/div>\n\t\t<div class=\"elementor-element elementor-element-ccd30c1 e-con-full e-flex e-con e-child\" data-id=\"ccd30c1\" data-element_type=\"container\" data-e-type=\"container\">\n\t\t\t\t<div class=\"elementor-element elementor-element-17ba974 elementor-position-inline-start elementor-mobile-position-inline-start elementor-view-default elementor-widget elementor-widget-icon-box\" data-id=\"17ba974\" data-element_type=\"widget\" data-e-type=\"widget\" data-widget_type=\"icon-box.default\">\n\t\t\t\t\t\t\t<div class=\"elementor-icon-box-wrapper\">\n\n\t\t\t\t\t\t<div class=\"elementor-icon-box-icon\">\n\t\t\t\t<span  class=\"elementor-icon\">\n\t\t\t\t<svg aria-hidden=\"true\" class=\"e-font-icon-svg e-fas-check-circle\" viewBox=\"0 0 512 512\" xmlns=\"http:\/\/www.w3.org\/2000\/svg\"><path d=\"M504 256c0 136.967-111.033 248-248 248S8 392.967 8 256 119.033 8 256 8s248 111.033 248 248zM227.314 387.314l184-184c6.248-6.248 6.248-16.379 0-22.627l-22.627-22.627c-6.248-6.249-16.379-6.249-22.628 0L216 308.118l-70.059-70.059c-6.248-6.248-16.379-6.248-22.628 0l-22.627 22.627c-6.248 6.248-6.248 16.379 0 22.627l104 104c6.249 6.249 16.379 6.249 22.628.001z\"><\/path><\/svg>\t\t\t\t<\/span>\n\t\t\t<\/div>\n\t\t\t\n\t\t\t\t\t\t<div class=\"elementor-icon-box-content\">\n\n\t\t\t\t\t\t\t\t\t<p class=\"elementor-icon-box-title\">\n\t\t\t\t\t\t<span  >\n\t\t\t\t\t\t\tY\u00dcKSEK KAL\u0130TE\t\t\t\t\t\t<\/span>\n\t\t\t\t\t<\/p>\n\t\t\t\t\n\t\t\t\t\n\t\t\t<\/div>\n\t\t\t\n\t\t<\/div>\n\t\t\t\t\t\t<\/div>\n\t\t\t\t<div class=\"elementor-element elementor-element-ff789b2 elementor-position-inline-start elementor-mobile-position-inline-start elementor-view-default elementor-widget elementor-widget-icon-box\" data-id=\"ff789b2\" data-element_type=\"widget\" data-e-type=\"widget\" data-widget_type=\"icon-box.default\">\n\t\t\t\t\t\t\t<div class=\"elementor-icon-box-wrapper\">\n\n\t\t\t\t\t\t<div class=\"elementor-icon-box-icon\">\n\t\t\t\t<span  class=\"elementor-icon\">\n\t\t\t\t<svg aria-hidden=\"true\" class=\"e-font-icon-svg e-fas-check-circle\" viewBox=\"0 0 512 512\" xmlns=\"http:\/\/www.w3.org\/2000\/svg\"><path d=\"M504 256c0 136.967-111.033 248-248 248S8 392.967 8 256 119.033 8 256 8s248 111.033 248 248zM227.314 387.314l184-184c6.248-6.248 6.248-16.379 0-22.627l-22.627-22.627c-6.248-6.249-16.379-6.249-22.628 0L216 308.118l-70.059-70.059c-6.248-6.248-16.379-6.248-22.628 0l-22.627 22.627c-6.248 6.248-6.248 16.379 0 22.627l104 104c6.249 6.249 16.379 6.249 22.628.001z\"><\/path><\/svg>\t\t\t\t<\/span>\n\t\t\t<\/div>\n\t\t\t\n\t\t\t\t\t\t<div class=\"elementor-icon-box-content\">\n\n\t\t\t\t\t\t\t\t\t<p class=\"elementor-icon-box-title\">\n\t\t\t\t\t\t<span  >\n\t\t\t\t\t\t\tG\u00dcVENL\u0130 \u00d6DEME\t\t\t\t\t\t<\/span>\n\t\t\t\t\t<\/p>\n\t\t\t\t\n\t\t\t\t\n\t\t\t<\/div>\n\t\t\t\n\t\t<\/div>\n\t\t\t\t\t\t<\/div>\n\t\t\t\t<\/div>\n\t\t\t\t<div class=\"elementor-element elementor-element-45b0337 elementor-tablet-align-center elementor-widget elementor-widget-button\" data-id=\"45b0337\" data-element_type=\"widget\" data-e-type=\"widget\" data-widget_type=\"button.default\">\n\t\t\t\t\t\t\t\t\t\t<a class=\"elementor-button elementor-button-link elementor-size-md\" href=\"#\">\n\t\t\t\t\t\t<span class=\"elementor-button-content-wrapper\">\n\t\t\t\t\t\t\t\t\t<span class=\"elementor-button-text\">MA\u011eAZAYI KE\u015eFET<\/span>\n\t\t\t\t\t<\/span>\n\t\t\t\t\t<\/a>\n\t\t\t\t\t\t\t\t<\/div>\n\t\t\t\t<\/div>\n\t\t\t\t\t<\/div>\n\t\t\t\t<\/div>\n\t\t\t\t<\/div>\n\t\t<div class=\"elementor-element elementor-element-f932cc4 e-flex e-con-boxed e-con e-parent\" data-id=\"f932cc4\" data-element_type=\"container\" data-e-type=\"container\">\n\t\t\t\t\t<div class=\"e-con-inner\">\n\t\t<div class=\"elementor-element elementor-element-a5a781f e-con-full e-flex e-con e-child\" data-id=\"a5a781f\" data-element_type=\"container\" data-e-type=\"container\" data-settings=\"{&quot;background_background&quot;:&quot;classic&quot;}\">\n\t\t\t\t<div class=\"elementor-element elementor-element-e46fa57 elementor-widget elementor-widget-heading\" data-id=\"e46fa57\" data-element_type=\"widget\" data-e-type=\"widget\" data-widget_type=\"heading.default\">\n\t\t\t\t\t<h2 class=\"elementor-heading-title elementor-size-default\">MODERN TASARIM\n<\/h2>\t\t\t\t<\/div>\n\t\t\t\t<div class=\"elementor-element elementor-element-532a982 elementor-widget elementor-widget-text-editor\" data-id=\"532a982\" data-element_type=\"widget\" data-e-type=\"widget\" data-widget_type=\"text-editor.default\">\n\t\t\t\t\t\t\t\t\t<p>\u00dcretim band\u0131m\u0131za giren her \u00fcr\u00fcn, usta ellerde \u015fekillenir; kalite, dayan\u0131kl\u0131l\u0131k ve estetik anlay\u0131\u015f\u0131yla titizlikle \u00fcretilir.<\/p><p>\u00a0<\/p><p>\u00a0 \u00a0 \u00a0 \u00a0 \u00a0 \u00a0 \u00a0 \u00a0 vesibella<\/p>\t\t\t\t\t\t\t\t<\/div>\n\t\t\t\t<\/div>\n\t\t\t\t<div class=\"elementor-element elementor-element-c79bd15 elementor-widget__width-initial elementor-widget-tablet__width-inherit elementor-widget elementor-widget-image\" data-id=\"c79bd15\" data-element_type=\"widget\" data-e-type=\"widget\" data-widget_type=\"image.default\">\n\t\t\t\t\t\t\t\t\t\t\t\t\t\t\t<img fetchpriority=\"high\" decoding=\"async\" width=\"1024\" height=\"1536\" src=\"https:\/\/vesibella.com\/wp-content\/uploads\/2026\/02\/6302832F-A158-4884-A96C-441A99DB47A8.png\" class=\"attachment-full size-full wp-image-3433\" alt=\"\" srcset=\"https:\/\/vesibella.com\/wp-content\/uploads\/2026\/02\/6302832F-A158-4884-A96C-441A99DB47A8.png 1024w, https:\/\/vesibella.com\/wp-content\/uploads\/2026\/02\/6302832F-A158-4884-A96C-441A99DB47A8-200x300.png 200w, https:\/\/vesibella.com\/wp-content\/uploads\/2026\/02\/6302832F-A158-4884-A96C-441A99DB47A8-683x1024.png 683w, https:\/\/vesibella.com\/wp-content\/uploads\/2026\/02\/6302832F-A158-4884-A96C-441A99DB47A8-768x1152.png 768w, https:\/\/vesibella.com\/wp-content\/uploads\/2026\/02\/6302832F-A158-4884-A96C-441A99DB47A8-300x450.png 300w, https:\/\/vesibella.com\/wp-content\/uploads\/2026\/02\/6302832F-A158-4884-A96C-441A99DB47A8-600x900.png 600w\" sizes=\"(max-width: 1024px) 100vw, 1024px\" \/>\t\t\t\t\t\t\t\t\t\t\t\t\t\t\t<\/div>\n\t\t\t\t\t<\/div>\n\t\t\t\t<\/div>\n\t\t<div class=\"elementor-element elementor-element-8005e44 e-grid e-con-boxed e-con e-parent\" data-id=\"8005e44\" data-element_type=\"container\" data-e-type=\"container\" data-settings=\"{&quot;background_background&quot;:&quot;classic&quot;}\">\n\t\t\t\t\t<div class=\"e-con-inner\">\n\t\t\t\t<div class=\"elementor-element elementor-element-97678dc elementor-position-top elementor-widget elementor-widget-image-box\" data-id=\"97678dc\" data-element_type=\"widget\" data-e-type=\"widget\" data-widget_type=\"image-box.default\">\n\t\t\t\t\t<div class=\"elementor-image-box-wrapper\"><figure class=\"elementor-image-box-img\"><img decoding=\"async\" width=\"55\" height=\"49\" src=\"https:\/\/vesibella.com\/wp-content\/uploads\/2021\/12\/home-page-icon-1-white.svg\" class=\"attachment-full size-full wp-image-685\" alt=\"\" \/><\/figure><div class=\"elementor-image-box-content\"><h5 class=\"elementor-image-box-title\">G\u00dcVENL\u0130 \u00d6DEME<\/h5><p class=\"elementor-image-box-description\">\u0130YZ\u0130CO Altyap\u0131s\u0131 \u0130le 100% G\u00fcvenli \u00d6deme<\/p><\/div><\/div>\t\t\t\t<\/div>\n\t\t\t\t<div class=\"elementor-element elementor-element-5c99952 elementor-position-top elementor-widget elementor-widget-image-box\" data-id=\"5c99952\" data-element_type=\"widget\" data-e-type=\"widget\" data-widget_type=\"image-box.default\">\n\t\t\t\t\t<div class=\"elementor-image-box-wrapper\"><figure class=\"elementor-image-box-img\"><img decoding=\"async\" width=\"55\" height=\"56\" src=\"https:\/\/vesibella.com\/wp-content\/uploads\/2021\/12\/home-page-icon-2-white.svg\" class=\"attachment-full size-full wp-image-686\" alt=\"\" \/><\/figure><div class=\"elementor-image-box-content\"><h5 class=\"elementor-image-box-title\">\u0130ADE VE DE\u011e\u0130\u015e\u0130M<\/h5><p class=\"elementor-image-box-description\">14 G\u00fcn \u0130\u00e7inde De\u011fi\u015fim Ve \u0130ade<\/p><\/div><\/div>\t\t\t\t<\/div>\n\t\t\t\t<div class=\"elementor-element elementor-element-655e67b elementor-position-top elementor-widget elementor-widget-image-box\" data-id=\"655e67b\" data-element_type=\"widget\" data-e-type=\"widget\" data-widget_type=\"image-box.default\">\n\t\t\t\t\t<div class=\"elementor-image-box-wrapper\"><figure class=\"elementor-image-box-img\"><img loading=\"lazy\" decoding=\"async\" width=\"49\" height=\"56\" src=\"https:\/\/vesibella.com\/wp-content\/uploads\/2021\/12\/home-page-icon-3-white.svg\" class=\"attachment-full size-full wp-image-684\" alt=\"\" \/><\/figure><div class=\"elementor-image-box-content\"><h5 class=\"elementor-image-box-title\">7\/24 Destek<\/h5><\/div><\/div>\t\t\t\t<\/div>\n\t\t\t\t\t<\/div>\n\t\t\t\t<\/div>\n\t\t<div class=\"elementor-element elementor-element-af59504 e-flex e-con-boxed e-con e-parent\" data-id=\"af59504\" data-element_type=\"container\" data-e-type=\"container\">\n\t\t\t\t\t<div class=\"e-con-inner\">\n\t\t<div class=\"elementor-element elementor-element-016b716 e-con-full e-flex e-con e-child\" data-id=\"016b716\" data-element_type=\"container\" data-e-type=\"container\">\n\t\t\t\t<div class=\"elementor-element elementor-element-f5dfd9c elementor-widget elementor-widget-image\" data-id=\"f5dfd9c\" data-element_type=\"widget\" data-e-type=\"widget\" data-widget_type=\"image.default\">\n\t\t\t\t\t\t\t\t\t\t\t\t\t\t\t<img loading=\"lazy\" decoding=\"async\" width=\"600\" height=\"223\" src=\"https:\/\/vesibella.com\/wp-content\/uploads\/2026\/02\/pngwing.com_-600x223.png\" class=\"attachment-woocommerce_single size-woocommerce_single wp-image-3494\" alt=\"\" srcset=\"https:\/\/vesibella.com\/wp-content\/uploads\/2026\/02\/pngwing.com_-600x223.png 600w, https:\/\/vesibella.com\/wp-content\/uploads\/2026\/02\/pngwing.com_-300x111.png 300w, https:\/\/vesibella.com\/wp-content\/uploads\/2026\/02\/pngwing.com_-1024x380.png 1024w, https:\/\/vesibella.com\/wp-content\/uploads\/2026\/02\/pngwing.com_-768x285.png 768w, https:\/\/vesibella.com\/wp-content\/uploads\/2026\/02\/pngwing.com_.png 1240w\" sizes=\"(max-width: 600px) 100vw, 600px\" \/>\t\t\t\t\t\t\t\t\t\t\t\t\t\t\t<\/div>\n\t\t\t\t<\/div>\n\t\t<div class=\"elementor-element elementor-element-2e3f2ef e-con-full e-flex e-con e-child\" data-id=\"2e3f2ef\" data-element_type=\"container\" data-e-type=\"container\">\n\t\t\t\t<div class=\"elementor-element elementor-element-39c41f5 elementor-widget elementor-widget-image\" data-id=\"39c41f5\" data-element_type=\"widget\" data-e-type=\"widget\" data-widget_type=\"image.default\">\n\t\t\t\t\t\t\t\t\t\t\t\t\t\t\t<img loading=\"lazy\" decoding=\"async\" width=\"300\" height=\"103\" src=\"https:\/\/vesibella.com\/wp-content\/uploads\/2026\/02\/iyzico_ile_ode_colored-300x103.png\" class=\"attachment-medium size-medium wp-image-3499\" alt=\"\" srcset=\"https:\/\/vesibella.com\/wp-content\/uploads\/2026\/02\/iyzico_ile_ode_colored-300x103.png 300w, https:\/\/vesibella.com\/wp-content\/uploads\/2026\/02\/iyzico_ile_ode_colored-1024x351.png 1024w, https:\/\/vesibella.com\/wp-content\/uploads\/2026\/02\/iyzico_ile_ode_colored-768x263.png 768w, https:\/\/vesibella.com\/wp-content\/uploads\/2026\/02\/iyzico_ile_ode_colored-600x206.png 600w, https:\/\/vesibella.com\/wp-content\/uploads\/2026\/02\/iyzico_ile_ode_colored.png 1050w\" sizes=\"(max-width: 300px) 100vw, 300px\" \/>\t\t\t\t\t\t\t\t\t\t\t\t\t\t\t<\/div>\n\t\t\t\t<div class=\"elementor-element elementor-element-62169c3 elementor-widget elementor-widget-heading\" data-id=\"62169c3\" data-element_type=\"widget\" data-e-type=\"widget\" data-widget_type=\"heading.default\">\n\t\t\t\t\t<div class=\"elementor-heading-title elementor-size-default\">256-bit SSL g\u00fcvenlik altyap\u0131s\u0131 ile Vesibella\u2019da yapt\u0131\u011f\u0131n\u0131z t\u00fcm \u00f6deme ve ki\u015fisel bilgileriniz g\u00fcvenle korunur.<\/div>\t\t\t\t<\/div>\n\t\t\t\t<\/div>\n\t\t<div class=\"elementor-element elementor-element-222df2e e-con-full e-flex e-con e-child\" data-id=\"222df2e\" data-element_type=\"container\" data-e-type=\"container\">\n\t\t\t\t<div class=\"elementor-element elementor-element-53948c9 elementor-widget elementor-widget-image\" data-id=\"53948c9\" data-element_type=\"widget\" data-e-type=\"widget\" data-widget_type=\"image.default\">\n\t\t\t\t\t\t\t\t\t\t\t\t\t\t\t<img loading=\"lazy\" decoding=\"async\" width=\"150\" height=\"150\" src=\"https:\/\/vesibella.com\/wp-content\/uploads\/2026\/02\/ssl-150x150.png\" class=\"attachment-thumbnail size-thumbnail wp-image-3500\" alt=\"\" srcset=\"https:\/\/vesibella.com\/wp-content\/uploads\/2026\/02\/ssl-150x150.png 150w, https:\/\/vesibella.com\/wp-content\/uploads\/2026\/02\/ssl-300x300.png 300w, https:\/\/vesibella.com\/wp-content\/uploads\/2026\/02\/ssl-100x100.png 100w, https:\/\/vesibella.com\/wp-content\/uploads\/2026\/02\/ssl.png 512w\" sizes=\"(max-width: 150px) 100vw, 150px\" \/>\t\t\t\t\t\t\t\t\t\t\t\t\t\t\t<\/div>\n\t\t\t\t<\/div>\n\t\t\t\t\t<\/div>\n\t\t\t\t<\/div>\n\t\t\t\t<\/div>\n\t\t","protected":false},"excerpt":{"rendered":"<p>VES\u0130BELLA 2015\u2019ten beri el i\u015f\u00e7ili\u011fiyle \u00fcretilen, zamana meydan okuyan %100 ger\u00e7ek deri \u00fcr\u00fcnler. Ger\u00e7ek stilin adresi. Y\u00dcKSEK KAL\u0130TE G\u00dcVENL\u0130 \u00d6DEME MA\u011eAZAYI KE\u015eFET MODERN TASARIM \u00dcretim band\u0131m\u0131za giren her \u00fcr\u00fcn, usta ellerde \u015fekillenir; kalite, dayan\u0131kl\u0131l\u0131k ve estetik anlay\u0131\u015f\u0131yla titizlikle \u00fcretilir. \u00a0 \u00a0 \u00a0 \u00a0 \u00a0 \u00a0 \u00a0 \u00a0 \u00a0 vesibella G\u00dcVENL\u0130 \u00d6DEME \u0130YZ\u0130CO Altyap\u0131s\u0131 \u0130le 100% [&hellip;]<\/p>\n","protected":false},"author":1,"featured_media":0,"parent":0,"menu_order":0,"comment_status":"closed","ping_status":"closed","template":"","meta":{"_kadence_starter_templates_imported_post":false,"footnotes":""},"class_list":["post-3072","page","type-page","status-publish","hentry"],"blocksy_meta":{"has_hero_section":"disabled","styles_descriptor":{"styles":{"desktop":"","tablet":"","mobile":""},"google_fonts":[],"version":6},"vertical_spacing_source":"custom","content_area_spacing":"none"},"jetpack_sharing_enabled":true,"_links":{"self":[{"href":"https:\/\/vesibella.com\/index.php?rest_route=\/wp\/v2\/pages\/3072","targetHints":{"allow":["GET"]}}],"collection":[{"href":"https:\/\/vesibella.com\/index.php?rest_route=\/wp\/v2\/pages"}],"about":[{"href":"https:\/\/vesibella.com\/index.php?rest_route=\/wp\/v2\/types\/page"}],"author":[{"embeddable":true,"href":"https:\/\/vesibella.com\/index.php?rest_route=\/wp\/v2\/users\/1"}],"replies":[{"embeddable":true,"href":"https:\/\/vesibella.com\/index.php?rest_route=%2Fwp%2Fv2%2Fcomments&post=3072"}],"version-history":[{"count":25,"href":"https:\/\/vesibella.com\/index.php?rest_route=\/wp\/v2\/pages\/3072\/revisions"}],"predecessor-version":[{"id":3531,"href":"https:\/\/vesibella.com\/index.php?rest_route=\/wp\/v2\/pages\/3072\/revisions\/3531"}],"wp:attachment":[{"href":"https:\/\/vesibella.com\/index.php?rest_route=%2Fwp%2Fv2%2Fmedia&parent=3072"}],"curies":[{"name":"wp","href":"https:\/\/api.w.org\/{rel}","templated":true}]}}