{"id":3127,"date":"2024-02-08T07:14:59","date_gmt":"2024-02-08T07:14:59","guid":{"rendered":"https:\/\/startersites.io\/elementor\/garderobe\/?page_id=3127"},"modified":"2026-02-04T18:13:11","modified_gmt":"2026-02-04T18:13:11","slug":"about-us","status":"publish","type":"page","link":"https:\/\/vesibella.com\/?page_id=3127","title":{"rendered":"HAKKIMIZDA"},"content":{"rendered":"\t\t<div data-elementor-type=\"wp-page\" data-elementor-id=\"3127\" class=\"elementor elementor-3127\" data-elementor-post-type=\"page\">\n\t\t\t\t<div class=\"elementor-element elementor-element-9afc2c3 e-flex e-con-boxed e-con e-parent\" data-id=\"9afc2c3\" data-element_type=\"container\" data-e-type=\"container\" data-settings=\"{&quot;background_background&quot;:&quot;classic&quot;}\">\n\t\t\t\t\t<div class=\"e-con-inner\">\n\t\t\t\t<div class=\"elementor-element elementor-element-b2f674d elementor-widget elementor-widget-heading\" data-id=\"b2f674d\" data-element_type=\"widget\" data-e-type=\"widget\" data-widget_type=\"heading.default\">\n\t\t\t\t\t<h2 class=\"elementor-heading-title elementor-size-default\">B\u0130Z K\u0130M\u0130Z?<\/h2>\t\t\t\t<\/div>\n\t\t\t\t\t<\/div>\n\t\t\t\t<\/div>\n\t\t<div class=\"elementor-element elementor-element-055b299 e-flex e-con-boxed e-con e-parent\" data-id=\"055b299\" data-element_type=\"container\" data-e-type=\"container\">\n\t\t\t\t\t<div class=\"e-con-inner\">\n\t\t<div class=\"elementor-element elementor-element-9ef7b5f e-con-full e-flex e-con e-child\" data-id=\"9ef7b5f\" data-element_type=\"container\" data-e-type=\"container\" data-settings=\"{&quot;background_background&quot;:&quot;classic&quot;}\">\n\t\t\t\t<div class=\"elementor-element elementor-element-65ad411 elementor-widget__width-initial elementor-widget-tablet__width-inherit elementor-widget elementor-widget-image\" data-id=\"65ad411\" data-element_type=\"widget\" data-e-type=\"widget\" data-widget_type=\"image.default\">\n\t\t\t\t\t\t\t\t\t\t\t\t\t\t\t<img fetchpriority=\"high\" decoding=\"async\" width=\"1024\" height=\"1024\" src=\"https:\/\/vesibella.com\/wp-content\/uploads\/2026\/02\/1021siyah2.png\" class=\"attachment-full size-full wp-image-3438\" alt=\"\" srcset=\"https:\/\/vesibella.com\/wp-content\/uploads\/2026\/02\/1021siyah2.png 1024w, https:\/\/vesibella.com\/wp-content\/uploads\/2026\/02\/1021siyah2-300x300.png 300w, https:\/\/vesibella.com\/wp-content\/uploads\/2026\/02\/1021siyah2-150x150.png 150w, https:\/\/vesibella.com\/wp-content\/uploads\/2026\/02\/1021siyah2-768x768.png 768w, https:\/\/vesibella.com\/wp-content\/uploads\/2026\/02\/1021siyah2-600x600.png 600w, https:\/\/vesibella.com\/wp-content\/uploads\/2026\/02\/1021siyah2-100x100.png 100w\" sizes=\"(max-width: 1024px) 100vw, 1024px\" \/>\t\t\t\t\t\t\t\t\t\t\t\t\t\t\t<\/div>\n\t\t<div class=\"elementor-element elementor-element-c6d3eb8 e-con-full e-flex e-con e-child\" data-id=\"c6d3eb8\" data-element_type=\"container\" data-e-type=\"container\">\n\t\t\t\t<div class=\"elementor-element elementor-element-c8c834f elementor-widget elementor-widget-heading\" data-id=\"c8c834f\" data-element_type=\"widget\" data-e-type=\"widget\" data-widget_type=\"heading.default\">\n\t\t\t\t\t<h2 class=\"elementor-heading-title elementor-size-default\">VES\u0130BELLA <\/h2>\t\t\t\t<\/div>\n\t\t<div class=\"elementor-element elementor-element-c7e9dde e-con-full e-flex e-con e-child\" data-id=\"c7e9dde\" data-element_type=\"container\" data-e-type=\"container\">\n\t\t\t\t<div class=\"elementor-element elementor-element-962b41a elementor-widget elementor-widget-text-editor\" data-id=\"962b41a\" data-element_type=\"widget\" data-e-type=\"widget\" data-widget_type=\"text-editor.default\">\n\t\t\t\t\t\t\t\t\t<p>Vesibella, <strong data-start=\"27\" data-end=\"43\">2015 y\u0131l\u0131nda<\/strong> ger\u00e7ek deriye duyulan tutku ile kurulan bir deri markas\u0131d\u0131r. El i\u015f\u00e7ili\u011fi, kaliteli malzeme ve zamans\u0131z tasar\u0131m\u0131 bir araya getirerek <strong data-start=\"176\" data-end=\"196\">%100 ger\u00e7ek deri<\/strong> \u00fcr\u00fcnler \u00fcretir. Amac\u0131m\u0131z; dayan\u0131kl\u0131, \u015f\u0131k ve uzun y\u0131llar kullan\u0131labilecek \u00fcr\u00fcnlerle stilinize de\u011fer katmakt\u0131r.<\/p>\t\t\t\t\t\t\t\t<\/div>\n\t\t\t\t<\/div>\n\t\t\t\t<\/div>\n\t\t\t\t<\/div>\n\t\t\t\t\t<\/div>\n\t\t\t\t<\/div>\n\t\t\t\t<\/div>\n\t\t","protected":false},"excerpt":{"rendered":"<p>B\u0130Z K\u0130M\u0130Z? VES\u0130BELLA Vesibella, 2015 y\u0131l\u0131nda ger\u00e7ek deriye duyulan tutku ile kurulan bir deri markas\u0131d\u0131r. El i\u015f\u00e7ili\u011fi, kaliteli malzeme ve zamans\u0131z tasar\u0131m\u0131 bir araya getirerek %100 ger\u00e7ek deri \u00fcr\u00fcnler \u00fcretir. Amac\u0131m\u0131z; dayan\u0131kl\u0131, \u015f\u0131k ve uzun y\u0131llar kullan\u0131labilecek \u00fcr\u00fcnlerle stilinize de\u011fer katmakt\u0131r.<\/p>\n","protected":false},"author":1,"featured_media":0,"parent":0,"menu_order":0,"comment_status":"closed","ping_status":"closed","template":"","meta":{"_kadence_starter_templates_imported_post":false,"footnotes":""},"class_list":["post-3127","page","type-page","status-publish","hentry"],"blocksy_meta":{"has_hero_section":"disabled","vertical_spacing_source":"custom","content_area_spacing":"none","styles_descriptor":{"styles":{"desktop":"","tablet":"","mobile":""},"google_fonts":[],"version":6}},"jetpack_sharing_enabled":true,"_links":{"self":[{"href":"https:\/\/vesibella.com\/index.php?rest_route=\/wp\/v2\/pages\/3127","targetHints":{"allow":["GET"]}}],"collection":[{"href":"https:\/\/vesibella.com\/index.php?rest_route=\/wp\/v2\/pages"}],"about":[{"href":"https:\/\/vesibella.com\/index.php?rest_route=\/wp\/v2\/types\/page"}],"author":[{"embeddable":true,"href":"https:\/\/vesibella.com\/index.php?rest_route=\/wp\/v2\/users\/1"}],"replies":[{"embeddable":true,"href":"https:\/\/vesibella.com\/index.php?rest_route=%2Fwp%2Fv2%2Fcomments&post=3127"}],"version-history":[{"count":4,"href":"https:\/\/vesibella.com\/index.php?rest_route=\/wp\/v2\/pages\/3127\/revisions"}],"predecessor-version":[{"id":3478,"href":"https:\/\/vesibella.com\/index.php?rest_route=\/wp\/v2\/pages\/3127\/revisions\/3478"}],"wp:attachment":[{"href":"https:\/\/vesibella.com\/index.php?rest_route=%2Fwp%2Fv2%2Fmedia&parent=3127"}],"curies":[{"name":"wp","href":"https:\/\/api.w.org\/{rel}","templated":true}]}}